et l(m) = m + 8. Let f be l(-6). Let v be -15*(f + 0)/(-6). Suppose 0 = v*c - 29 + 9. What is the units digit of c?
4
Suppose 3*p + 6 = -f + 2*f, 2*f - 12 = -3*p. Let z be (-246)/(-9) + 4/f. Suppose -3*b = -7*b + z. What is the units digit of b?
7
Let g = -3 - 0. Let f = g + 7. Let m(i) = i**2 - i - 2. What is the units digit of m(f)?
0
Let p be 2/(-8) - (-37)/4. Suppose -t - 3 = 3*i - 50, 0 = -2*i + 2*t + 34. What is the units digit of (i/6)/(3/p)?
8
Suppose -85 = -4*n - 17. What is the units digit of n?
7
Suppose -342 = -4*g - 2*z, z = 4*g - 0*z - 327. What is the tens digit of g?
8
Let n(w) = -6*w + 2. Let y be n(-7). What is the units digit of (y/6)/(2/3)?
1
Suppose -10*f + 7*f + 738 = 0. What is the hundreds digit of f?
2
Let h(b) = -b**3 - 3*b**2 - 2*b - 2. Let o be h(-3). Suppose o*t + 2*m = 12, -t + 3 - 7 = 4*m. What is the units digit of t?
4
Suppose -4*p = -2*p + 14. Let s(f) = -2*f - 10. What is the units digit of s(p)?
4
Let z = 8 + -3. Let c(g) = -6 + z - 5 + 2*g. What is the units digit of c(7)?
8
Let q(f) = -f**2 - 5*f - 4. Suppose -3*j = 2*j + 15. What is the units digit of q(j)?
2
Let h(r) = -11*r. Let t be h(-1). Suppose 9 + t = o. What is the tens digit of o?
2
Let g(x) be the third derivative of x**4/24 + x**3/6 + 2*x**2. Let j be g(2). Suppose -v - 10 = -4*l, -10 = -l - l + j*v. What is the units digit of l?
2
Let g(w) = w**2 - w - 2. Let m be g(4). Suppose -m = -0*k - 5*k. Suppose -k*u = u - 15. What is the units digit of u?
5
Let q be (-4)/8 + 22/(-4). What is the tens digit of (0 - (-33)/(-9))*q?
2
Let b(y) = -y - 6. Let z be b(-4). What is the units digit of -4*1/4*z?
2
Suppose z + 5*q + 7 = 0, -2*z - 1 - 1 = 4*q. Suppose -2*w = 10, -j - 2*w - 5 = z. What is the units digit of j?
2
Suppose 2*o + 0 + 6 = 0. Let d(w) = -w**3 - w**2 - 3*w + 2. What is the units digit of d(o)?
9
Let m be 2*(-3)/(-2) - 3. Suppose -51 = -4*o - t, m*o - 3*o = t - 39. What is the tens digit of o?
1
Let i(c) = 45*c**2 + 5*c + 5. What is the tens digit of i(-2)?
7
Suppose -p + 5*p + 4 = 0. Let w = 1 + p. Let n = 5 + w. What is the units digit of n?
5
Let c = -47 + 38. Let f be 118/8 - (-1)/4. Let i = f + c. What is the units digit of i?
6
Let l(g) = g**2 - 3*g - 6. What is the units digit of l(5)?
4
Let b = -12 + 20. Let h = b - -1. Let k = -7 + h. What is the units digit of k?
2
Let q be (-4)/(-1 - 1) + 63. What is the units digit of q/4 + 3/(-12)?
6
Let l(w) be the first derivative of 43*w**3/3 - w**2/2 - 1. What is the tens digit of l(-1)?
4
What is the hundreds digit of 389 + (1 - (50/(-5))/(-5))?
3
Let v(l) = l**2. Let y be v(-3). Let s(i) be the third derivative of i**6/120 - 3*i**5/20 + i**4/12 - 5*i**3/3 + 12*i**2. What is the units digit of s(y)?
8
Suppose -3*n + 354 = -0*n. What is the hundreds digit of n?
1
Suppose b - 1 = 3. What is the units digit of -6 + b + 6 + 0?
4
Let v = -104 - -323. What is the hundreds digit of v?
2
Suppose -71 = -2*l - 2*d + 355, 4*d = 4. What is the tens digit of l?
1
Let g(d) = 131*d + 8. What is the units digit of g(2)?
0
Let w = 3 + 1. Suppose 4*x - 12 = w. What is the units digit of 27/4 + (-3)/x?
6
Suppose 5*m - 3*g = 17 + 3, 5*m - 2*g = 15. What is the units digit of m?
1
Suppose -2*s + 6 = -s. What is the units digit of s?
6
Suppose 4*l + 3*g - 429 = 0, -3*g - 2*g = -4*l + 437. Suppose -q = 5*n - l, 0 = 2*n - q - q - 48. What is the units digit of n?
2
Let u be (-5 - (-6)/2) + 11. Suppose 4*q - u*q = -35. What is the units digit of q?
7
Suppose -2*j + 3*j - 1 = 0. Let s be ((-65)/20)/(j/4). Let c = 30 + s. What is the units digit of c?
7
Let y(z) = 6*z - 7 + z**2 + 0 - 2*z. Let j be y(-5). What is the tens digit of 65/5 - j/(-1)?
1
Let f be 6*(3 - 18/4). What is the tens digit of (f/27)/(1/(-66))?
2
Let c = -6 + 8. Let m be (7 - 7)*1/c. Suppose 3*v + v - 48 = m. What is the tens digit of v?
1
Suppose -10 = 2*a, -11 = 3*v - v + 3*a. Suppose 4*j + x - 54 = 0, -j = -v*j - 5*x + 4. What is the units digit of j?
4
Let r(b) = -b**3 - 9*b**2 - 10*b - 8. Let p be r(-8). Suppose -2*h - p = -4*h - 3*l, -4*h - 5*l + 16 = 0. What is the units digit of h?
4
Let b be (-2 + 5 + -7)/(-1). Let j = b - -1. Suppose j*c + 0 = 10. What is the units digit of c?
2
Let q(f) = -10*f - 3 + f**3 - 2*f**3 + 3*f - 6*f**2. Let i(n) = -5*n. Let m be i(1). What is the units digit of q(m)?
7
Let y be (-12)/(-3) + 4/2. What is the units digit of (-2)/y + 36/27?
1
Let b(q) be the first derivative of q**4/4 - 8*q**3/3 + 7*q + 3. Let f be b(8). Let a(n) = 2*n - 2. What is the tens digit of a(f)?
1
Let h(g) = -48*g**3 + g. What is the units digit of h(-1)?
7
Let n = -26 - -51. What is the units digit of n?
5
Let f(j) = -j**2 + 5*j - 2. Let l be f(4). Suppose -5*n = -a - 32, -l*n = 2*n - 5*a - 34. Let k(i) = 2*i + 2. What is the units digit of k(n)?
4
Suppose -4 = -0*z - 2*z. Suppose 0*y = -4*y. Suppose -8 = -z*x - y. What is the units digit of x?
4
Suppose -2*t - 16 = -4*f, -2*f = -3*f - 2. Let m be (-34)/(-8) + 3/t. What is the units digit of (16/(-5))/(m/(-10))?
8
Let v be (-39)/15 - (-2)/(-5). Let h = v + 0. What is the units digit of (-18)/h*6/9?
4
Suppose 2*g - 167 = -25. What is the tens digit of g?
7
What is the tens digit of ((-30)/4)/((-15)/20)?
1
Let c = 0 - -37. Suppose -4*h + 11 = -c. What is the tens digit of h?
1
Let a = -11 - -83. What is the tens digit of a?
7
Let r be (-1 - 2) + (0 - -22). Let d = r + -12. What is the units digit of d?
7
Suppose -3*q - 27 = 2*o - 140, -q + o + 46 = 0. What is the units digit of q?
1
Let d(x) be the second derivative of -x**5/120 - x**4/12 + x**3/3 + x. Let c(q) be the second derivative of d(q). What is the units digit of c(-5)?
3
Let f = 17 + -14. Let t(n) = 2*n**3 + 4*n + 4 - 5*n + 3*n**2 - 3*n**3. What is the units digit of t(f)?
1
Let n be (36 - 4)/(2/4). Suppose -2*b - 2*b = 5*r - n, -44 = -3*r - b. What is the tens digit of r?
1
Let j(h) = -7*h**2 - 3*h**2 + 55*h**3 - 54*h**3 + 5*h + 6. What is the tens digit of j(10)?
5
What is the tens digit of (45/(-60))/(2/(-48))?
1
Let j = -65 + 174. What is the units digit of j?
9
Let d be -2 + 0 - (1 - 5). Suppose d*m - 40 = -3*l, -13 - 5 = -m - l. What is the tens digit of m?
1
Let i = 4 + -8. Let s = -2 - i. Suppose 4*q + 12 = 4*a, s*a - 13 = q - a. What is the units digit of q?
2
Let l = -8 + 14. What is the units digit of l?
6
Let c = 4 - 4. Let y = c + 0. What is the units digit of y/((-6)/3) - -8?
8
Suppose 2*d + 2*n = 12, -3*d + 3 = 5*n - 7. What is the tens digit of d?
1
Let z(x) be the second derivative of 0 - 1/2*x**2 + 1/6*x**4 - 1/2*x**3 + x. What is the units digit of z(-2)?
3
Suppose 3*a = -a + 4. Suppose 67 = 3*f + 5*h, -f - 2*h + a = -20. What is the units digit of f?
9
Suppose 5*i - 24 = -3*q, -5*i - 2*q = -0*q - 21. Suppose -32 = -2*t - 4*c + 24, -114 = -i*t + 4*c. Suppose -6*v = -4*v - t. What is the tens digit of v?
1
Suppose -30 = -4*p + 110. Suppose 3*u - 69 = 3*c, u + c - 87 = -3*u. Let l = p - u. What is the units digit of l?
3
Suppose 1 = 2*m - 63. What is the units digit of m?
2
Suppose -7*w + 0*w + 469 = 0. What is the units digit of w?
7
Let q(v) = 2*v - 2. Let u be q(2). Let a(g) = -g - u*g**2 + 4 - 4*g + 4*g**2. What is the units digit of a(3)?
7
Suppose -3*x = -0*x + 15. What is the units digit of (1/(-4))/(x/20)?
1
Let x(k) = 2*k**2 - k - 1. Let v(a) = -3*a**2 + 3*a + 2. Let m(f) = 3*v(f) + 5*x(f). Let u(r) = -r**2 - 4. Let l be u(0). What is the units digit of m(l)?
1
Suppose 0 = -2*r - 0 + 36. Let l = r + -9. What is the units digit of l?
9
Let b be (-5)/(-7) + 2/7. Let k(r) = -r**3 - 8*r**2 + 2*r + 22. Let t be k(-8). Let x = b + t. What is the units digit of x?
7
What is the units digit of 4 + 5*(-20)/(-25)?
8
Let p be -2 + (-5)/((-5)/2). Suppose 5*y - y + 4*v - 16 = p, 3*y - 12 = v. Suppose y*c - 5*u - 26 = 3*c, 34 = 3*c - 4*u. What is the units digit of c?
6
Suppose 0 = -2*l + 3*l + 15. Let w be (-4)/(-10) - (-51)/l. What is the units digit of (1/w)/(1/(-9))?
3
Let o = -8 + 51. What is the tens digit of o?
4
What is the tens digit of (-12)/66 - 739/(-11)?
6
Let f(t) = 2*t + 4. Let z(n) = n + 1. Let i(o) = -2*f(o) + 2*z(o). What is the units digit of i(-4)?
2
Suppose z - 13 - 29 = 0. What is the tens digit of z?
4
Suppose -3*j + 0*j = 0. Suppose j = -0*z + z - 27. What is the tens digit of z?
2
Let z 